test common factor of 83053 and 1099.
157
What is the highest common factor of 1212458 and 52?
26
What is the greatest common factor of 63696 and 96?
48
What is the highest common factor of 49 and 971712?
7
What is the highest common factor of 1065 and 2726187?
213
What is the greatest common factor of 248125 and 11513?
397
What is the highest common divisor of 117 and 115206?
39
What is the highest common factor of 331210 and 110?
110
What is the greatest common divisor of 6082000 and 80?
80
What is the greatest common divisor of 74950 and 310?
10
What is the highest common divisor of 551 and 204392?
29
What is the highest common divisor of 689968 and 696?
232
What is the greatest common divisor of 1128 and 2115?
141
Calculate the highest common factor of 14434410 and 30.
30
Calculate the greatest common divisor of 1252 and 1902727.
313
What is the greatest common factor of 15 and 137075?
5
What is the highest common divisor of 4618860 and 60?
60
Calculate the highest common divisor of 680418 and 2936.
734
What is the greatest common factor of 20216 and 209?
19
Calculate the greatest common divisor of 8778 and 5670.
42
Calculate the highest common divisor of 441 and 126.
63
Calculate the greatest common divisor of 49 and 13818.
49
Calculate the greatest common divisor of 1322 and 1.
1
What is the highest common divisor of 1207371 and 11?
11
Calculate the greatest common factor of 5135 and 615173.
1027
Calculate the highest common factor of 48 and 4254168.
24
Calculate the highest common factor of 571346 and 1.
1
Calculate the highest common factor of 1639 and 25330.
149
What is the highest common factor of 77 and 833?
7
What is the highest common factor of 3088 and 856?
8
What is the greatest common divisor of 32692 and 20?
4
Calculate the highest common divisor of 29929 and 12975.
173
What is the highest common divisor of 51744 and 62304?
1056
Calculate the greatest common factor of 244 and 335866.
122
Calculate the greatest common divisor of 362052 and 60.
12
Calculate the greatest common factor of 30 and 4780.
10
Calculate the greatest common divisor of 162 and 366525.
81
Calculate the greatest common divisor of 168 and 85638.
42
What is the highest common factor of 82583 and 3497?
269
What is the greatest common factor of 639749 and 209?
209
What is the highest common factor of 15457 and 5499?
13
Calculate the highest common divisor of 18858 and 84.
42
Calculate the highest common factor of 28917 and 612.
153
Calculate the highest common divisor of 3914 and 15846.
38
What is the highest common divisor of 8983 and 208?
13
What is the greatest common factor of 1406 and 29374?
38
Calculate the greatest common divisor of 105 and 434455.
35
What is the greatest common divisor of 68525 and 2075?
25
What is the highest common factor of 3531 and 4387?
107
Calculate the highest common factor of 6550 and 52662.
262
What is the highest common factor of 25792 and 93?
31
Calculate the greatest common divisor of 1029 and 195853.
343
Calculate the highest common factor of 9673 and 171838.
569
What is the highest common factor of 8697 and 4914?
39
Calculate the greatest common divisor of 27 and 8523.
9
What is the highest common divisor of 369 and 52890?
123
What is the greatest common factor of 2432 and 545224?
152
What is the highest common divisor of 9232 and 158675?
577
Calculate the greatest common factor of 197080 and 104.
104
Calculate the greatest common factor of 70 and 14812.
14
Calculate the highest common divisor of 495 and 6525.
45
What is the highest common divisor of 261 and 7056?
9
Calculate the highest common factor of 14 and 161462.
14
Calculate the greatest common factor of 509 and 76859.
509
Calculate the greatest common divisor of 1025 and 112075.
25
Calculate the greatest common divisor of 1304768 and 7030.
1406
Calculate the greatest common divisor of 6837388 and 348.
116
What is the highest common divisor of 4009393 and 1527?
509
What is the greatest common divisor of 652977 and 18?
9
What is the highest common factor of 2430 and 341118?
54
Calculate the highest common factor of 37 and 294113.
37
Calculate the greatest common factor of 123886 and 7.
7
Calculate the highest common factor of 5166 and 48762.
126
Calculate the greatest common factor of 219 and 26211.
3
Calculate the highest common factor of 1225 and 12397.
49
What is the highest common factor of 43 and 66736?
43
What is the greatest common divisor of 25448 and 2536?
8
What is the greatest common divisor of 9 and 742563?
9
Calculate the greatest common divisor of 15826 and 205.
41
What is the greatest common factor of 2933848 and 808?
808
Calculate the greatest common factor of 13416 and 300.
12
What is the highest common divisor of 28126 and 80262?
686
Calculate the highest common factor of 1453161 and 174.
87
What is the greatest common factor of 76 and 633840?
76
Calculate the highest common factor of 1630368 and 102.
102
What is the highest common divisor of 667 and 16037?
29
What is the greatest common factor of 167354 and 22?
22
Calculate the greatest common divisor of 4488 and 11016.
408
What is the greatest common factor of 1485 and 9999?
99
Calculate the greatest common factor of 1446 and 11082.
6
Calculate the greatest common divisor of 5216 and 26336.
32
What is the highest common divisor of 699257 and 34866?
1937
Calculate the greatest common factor of 22696 and 288.
8
What is the highest common divisor of 8 and 15363072?
8
Calculate the highest common divisor of 20209 and 427.
7
What is the highest common divisor of 605179 and 15952?
997
What is the greatest common factor of 12052 and 26?
2
Calculate the greatest common divisor of 919304 and 40.
8
Calculate the highest common divisor of 137149 and 9246.
1541
What is the highest common factor of 529438 and 10374?
182
Calculate the greatest common factor of 99 and 61809.
33
Calculate the highest common divisor of 1166 and 16218.
106
What is the greatest common factor of 7 and 45311?
7
Calculate the greatest common factor of 342 and 67806.
18
What is the highest common factor of 22856 and 1000?
8
What is the greatest common factor of 800072 and 26?
26
Calculate the greatest common factor of 184 and 12374.
46
Calculate the greatest common factor of 8463056 and 328.
328
Calculate the highest common divisor of 4 and 4546.
2
What is the greatest common divisor of 1501903 and 260?
13
What is the greatest common divisor of 1574023 and 11?
11
Calculate the highest common divisor of 250 and 4621625.
125
What is the greatest common divisor of 2028 and 1391715?
507
Calculate the highest common divisor of 144 and 180306.
18
What is the highest common factor of 954 and 6246792?
954
Calculate the highest common factor of 73051 and 58.
29
What is the highest common factor of 1160 and 66758?
58
What is the highest common divisor of 342 and 2928546?
342
What is the highest common divisor of 119411 and 43?
43
Calculate the highest common divisor of 1205841 and 182.
91
What is the highest common divisor of 536392 and 96?
8
What is the greatest common divisor of 2379 and 1781?
13
What is the greatest common divisor of 31 and 37869?
1
What is the highest common factor of 2720 and 642464?
544
What is the greatest common factor of 356 and 47882?
178
What is the greatest common divisor of 1381869 and 18?
9
What is the greatest common divisor of 14 and 953232?
14
What is the highest common factor of 129 and 26101?
43
What is the greatest common divisor of 1756 and 107555?
439
Calculate the highest common divisor of 151060 and 35490.
910
What is the greatest common divisor of 2378566 and 3310?
662
Calculate the highest common factor of 123664 and 17816.
1048
What is the greatest common factor of 519012 and 988?
52
Calculate the greatest common factor of 2700 and 302880.
60
What is the highest common factor of 4536 and 38248?
56
Calculate the highest common divisor of 155352 and 24.
24
Calculate the highest common factor of 8 and 1607.
1
What is the greatest common factor of 42522 and 2033?
19
Calculate the greatest common divisor of 110572 and 924.
308
What is the highest common divisor of 28 and 573844?
4
What is the greatest common factor of 39 and 21?
3
What is the greatest common factor of 168903 and 882?
441
Calculate the g